h is divided by 17?
15
Let o(t) = t**2 - 7*t - 10. Let r be o(7). Let b be r*((-14)/4)/(-7). Let m(k) = 2*k**2 - 2*k + 5. What is the remainder when m(b) is divided by 17?
14
Suppose -m - 5*d = -0*m - 14, -38 = 3*m - 5*d. Let c be (-32)/12*(-5 + -1). Let i = m + c. What is the remainder when i is divided by 6?
4
Suppose 0 = 5*r - t - 414, 2*r + 5*t = r + 62. Calculate the remainder when r is divided by 12.
10
Suppose 2*b - 6 + 0 = 0. Suppose -3*a + 27 = -b*p, 3*p = a - 0*p - 1. What is the remainder when a is divided by 5?
3
Let u = -17 - -21. Suppose 3*x + z = -0*z + 41, u*x = -5*z + 62. What is the remainder when 51 is divided by x?
12
Let x = -1 + 3. Suppose 9*s - 4*s = -170. What is the remainder when s/(-6) - (-4)/(-6) is divided by x?
1
Let i = 139 + -11. Calculate the remainder when i is divided by 33.
29
Let p(m) = -m**2 + 5*m + 11. What is the remainder when p(5) is divided by 1?
0
Let i = 7 - -8. Let h(u) = 11*u**2. Calculate the remainder when h(-2) is divided by i.
14
Let r = 7 + -5. Let n(a) be the third derivative of a**6/120 - 3*a**5/20 + 3*a**4/8 - a**3 - 2*a**2. What is the remainder when n(8) is divided by r?
0
Let s(u) = -67*u - 1. Let m be s(-1). Suppose 4*n = 12, 4*w + 3*n = n + m. What is the remainder when (-2)/3*(-129)/2 is divided by w?
13
Suppose -4 = -2*k - 4*c, -k - 2*c + c = -7. Calculate the remainder when 33 is divided by k.
9
Suppose -5*a + 164 = 34. Calculate the remainder when a is divided by 7.
5
Let b(h) = 2*h**2 + 3*h + 2. Let z = 23 + -15. What is the remainder when -86*4/z*-1 is divided by b(-3)?
10
Suppose -8 - 2 = -2*a. Let d(n) = -n**2 - 6*n**2 - 4*n + 0*n**2 + 4*n**2 + n**3 + 5. Calculate the remainder when d(a) is divided by 9.
8
Suppose 16 + 4 = b. Suppose n + 52 = 5*y, -2*n - 24 = -4*y + 14. Calculate the remainder when b is divided by y.
9
Let q(k) = 9*k**2 + 11*k. Let d(m) = 5*m**2 + 6*m. Let f(u) = -7*d(u) + 4*q(u). Calculate the remainder when 39 is divided by f(2).
7
Let i(m) = 6*m - 4. Suppose -95 = -d - 4*d - 2*h, -3*d - 2*h + 61 = 0. Let b = 31 - d. What is the remainder when i(5) is divided by b?
12
Calculate the remainder when 15/25 - (-344)/10 is divided by 13.
9
Let c(d) = -5*d - 3. Calculate the remainder when 35 + (0 - (0 - (2 + -4))) is divided by c(-4).
16
Let v = -46 + 69. Calculate the remainder when v is divided by 15.
8
Let h = -10 + 22. Calculate the remainder when (-68)/(-10)*(-2 - -7) is divided by h.
10
Suppose -5*y + 83 = 4*c, -7*y + 3*y = 4*c - 88. Calculate the remainder when c is divided by 17.
10
Let k(b) = 2*b. Let n be k(3). Suppose -g - 125 = -n*g. Calculate the remainder when g is divided by 9.
7
Let z = 17 - 29. Calculate the remainder when 36 is divided by 3/(-3) - (z + -2).
10
Let i(s) = s**3 - 11*s**2 - 13*s + 15. Calculate the remainder when i(12) is divided by 1.
0
What is the remainder when (-12 + -1)/(1/(-2)) is divided by (18/8)/(2/8)?
8
Suppose -6*d = -161 + 11. Calculate the remainder when d is divided by 13.
12
Let k = 17 - -4. What is the remainder when k is divided by 12?
9
Let b(c) = c**3 + 5*c**2 - 3*c. Let u(y) = -2*y**2 + 11*y + 10. What is the remainder when b(-5) is divided by u(6)?
3
Suppose 3 = 4*n - 5. What is the remainder when 10 is divided by 13/4 + n/(-8)?
1
Let o(j) be the second derivative of j**4/12 + 7*j**3/6 + 2*j**2 + 6*j. What is the remainder when 46 is divided by o(-8)?
10
Calculate the remainder when 60 is divided by (-5)/(5/3) - (-35 - -1).
29
Calculate the remainder when (77 - -2)*1 + 3 is divided by 28.
26
What is the remainder when 27 is divided by (54/(-36))/((-2)/20*1)?
12
Suppose -5*g = -4*h + 208, -5*h + 164 + 96 = 2*g. Let x = -15 + h. Suppose 0 = 2*p - 4*p + 26. Calculate the remainder when x is divided by p.
11
Let q(t) = t**2 - t - 2. Let z = -18 - -41. Suppose -2*h + z + 5 = 0. What is the remainder when q(-6) is divided by h?
12
Suppose 2*p + 60 = 5*p. Suppose -48 = -4*a + 236. Suppose 5*q + 16 = a. What is the remainder when p is divided by q?
9
Let b(i) = 4*i**2 - 11. Calculate the remainder when b(-4) is divided by 14.
11
Let s(q) = q**3 + 5*q**2 - 17*q - 4. What is the remainder when s(-7) is divided by 10?
7
Suppose 4*k = -58 + 522. Calculate the remainder when k is divided by 30.
26
Suppose 0 = 2*a + 2, 0 = -v + 2*v + 5*a - 2. Suppose -4*y + 3*s = -5*y - 8, -y - 5*s = 12. Calculate the remainder when 8/16 - 25/y is divided by v.
6
Suppose -2*i + f + 0*f + 10 = 0, -4 = -f. What is the remainder when 13 is divided by i?
6
Suppose 0 = -4*b - k + 18, -2*k = -3*b - 2*b + 16. Suppose 4*f = 3*r - 50, 3*f - 71 = -b*r + 4*f. Calculate the remainder when r is divided by 10.
8
Let u be (15/(-2))/((-3)/4). What is the remainder when (-10)/(-25) + 466/u is divided by 16?
15
Let o be -2 - (-8 + (3 - 4)). Let l = -3 + o. Calculate the remainder when 4 is divided by (-1)/((-14)/l + 3).
0
Let s(q) = -7*q - 1. Let f(j) = -4*j - 1. Let l(k) = -5*f(k) + 3*s(k). Let w be l(4). What is the remainder when 32 is divided by 1 - 3 - 26/w?
10
Let m be (-12)/(-10)*(-5)/(-2). Suppose 2*i - 1 = -m. What is the remainder when 20 is divided by (-68)/(-6) + i/3?
9
Calculate the remainder when 9 is divided by (-3 - (2 - (10 - 4))) + 5.
3
Let j = 12 + -6. Suppose -7*s + 2 = -j*s. Calculate the remainder when (-4 - -1)*(-2)/2 is divided by s.
1
Let v(q) = q**3 - 3*q**2 - 4*q + 3. Let i be v(4). Suppose i*o + 6 = 5*o. What is the remainder when o is divided by 1?
0
Suppose -12*i = -79 - 713. What is the remainder when i is divided by 10?
6
Suppose 0*a - 5*a = -25. Suppose -3*v = 6*w - 2*w - 100, 132 = 4*w - a*v. Let j = -3 + w. What is the remainder when 49 is divided by j?
24
Suppose -8*b + 95 = -3*b. Suppose 38 = 21*q - b*q. Calculate the remainder when 72 is divided by q.
15
Let k(q) = q**3 - 11*q**2 + 12*q + 9. Calculate the remainder when k(10) is divided by (-2)/5 - 231/(-15).
14
Let g be (1 - 2) + 7 + -1. Let r = -28 - -64. Suppose -b = -g*b + r. What is the remainder when 16 is divided by b?
7
Let d = 23 + 181. Suppose 4*s - 240 = 4*o, 0*s + d = 4*s + 5*o. Suppose -3*i + 44 = -0*i - 4*w, -s = -2*i - 4*w. What is the remainder when 39 is divided by i?
19
Suppose i = 19 + 22. Let x be (-7)/(7/(-2))*16. Let f = -18 + x. What is the remainder when i is divided by f?
13
Let d be 4 + -3 + 2 + -1. Suppose d*s - 13 = 3. Let y(c) = c**2 + 2*c - 3. What is the remainder when y(4) is divided by s?
5
Calculate the remainder when 2/3 - (-230)/6 is divided by 11.
6
Suppose 0 = 4*i - 4*d - 132, -5*i + 38 = -2*d - 112. Calculate the remainder when 136 is divided by i.
24
Let t(r) = 3*r**2. Let x be t(-2). Suppose -g - 4 = -x. Calculate the remainder when 248/18 - (-18)/81 is divided by g.
6
Suppose 2*l = -q + 357, -5*l + 8*q - 4*q + 912 = 0. What is the remainder when l is divided by 13?
11
Let f(w) = -w**3 + 23*w**2 + 3*w - 49. Calculate the remainder when 117 is divided by f(23).
17
Suppose 0 - 12 = -4*a. Suppose -a*p - 12 = 0, -4*v + 6*v + p - 46 = 0. Calculate the remainder when v is divided by 14.
11
Let v = -72 - -9. What is the remainder when v/(-2) + 3/(-2) is divided by (1/((-2)/32))/(-1)?
14
Suppose -2*r + 71 = x, -5*x = 5*r - 4*r - 13. What is the remainder when r is divided by 21?
17
Suppose y = 4*y - 105. Calculate the remainder when y is divided by 19.
16
Calculate the remainder when ((-8)/6)/(18/(-1080)) is divided by 23.
11
Let r(q) = -10*q + 3. Let n(d) = -9*d + 2. Let j(y) = 4*n(y) - 3*r(y). Let z be j(-4). Suppose -s - 5 = -z. Calculate the remainder when 52 is divided by s.
16
Let b(v) = 4*v**2 - v - 1. Let y be b(-1). Suppose 0 = o + 2*d - 6, -y*o - 2*d = -4*d + 16. Calculate the remainder when ((-1)/o)/((-1)/(-20)) is divided by 4.
2
Suppose -4*m + 40 = -2*g, m - 32 = -m + 4*g. Calculate the remainder when 22 is divided by m.
6
Let f(p) = p + 6. What is the remainder when 56 is divided by f(9)?
11
Let z(o) = -o - 10. Let n be z(-5). Let s = n - -14. Suppose -2*v - 104 = -3*l - l, -32 = -2*l - 4*v. Calculate the remainder when l is divided by s.
6
What is the remainder when ((-210)/9)/((-12)/18) is divided by 9?
8
Suppose 0 = 2*z - 5*z + 90. Let g(k) = -k**3 + 4*k**2 + 7*k - 2. What is the remainder when z is divided by g(5)?
6
Let t(x) be the second derivative of -x**3/6 + 2*x**2 + 3*x. Calculate the remainder when 41 is divide